of 2711?
False
Does 3 divide 9?
True
Is 25 a factor of 3656?
False
Does 24 divide 912?
True
Is 2223 a multiple of 117?
True
Is 153 a factor of 5105?
False
Is 13489 a multiple of 53?
False
Is 271 even?
False
Is 111 a factor of 2532?
False
Is 11940 a multiple of 10?
True
Is 12492 a multiple of 8?
False
Is 8 a factor of 95?
False
Is 10 a factor of 100?
True
Does 20 divide 10500?
True
Is 12 a factor of 1554?
False
Does 69 divide 9250?
False
Is 66 a factor of 1980?
True
Is 986 a multiple of 12?
False
Does 3 divide 6581?
False
Is 135 a multiple of 28?
False
Does 10 divide 70?
True
Is 13 a factor of 420?
False
Is 12 a factor of 4813?
False
Does 41 divide 3280?
True
Is 80 a multiple of 10?
True
Is 63 a multiple of 21?
True
Is 109 a factor of 11744?
False
Does 7 divide 2512?
False
Is 1000 a multiple of 3?
False
Does 8 divide 736?
True
Is 29 a factor of 9918?
True
Is 152 a factor of 4173?
False
Is 58 a factor of 1937?
False
Does 3 divide 16125?
True
Is 9 a factor of 10188?
True
Does 26 divide 124077?
False
Is 814 a multiple of 12?
False
Does 7 divide 1028?
False
Is 20987 a multiple of 9?
False
Is 320 a multiple of 8?
True
Is 86 a factor of 104446?
False
Is 809 a multiple of 2?
False
Does 126 divide 43092?
True
Is 15447 a multiple of 19?
True
Is 53 a factor of 85563?
False
Is 7 a factor of 9156?
True
Is 18 a factor of 43?
False
Is 2720 a multiple of 17?
True
Does 97 divide 41963?
False
Is 20 a factor of 3219?
False
Is 61 a factor of 2196?
True
Does 11 divide 260?
False
Is 18357 a multiple of 15?
False
Is 52 a factor of 26104?
True
Is 1020 a multiple of 3?
True
Is 10 a factor of 274?
False
Does 2 divide 106?
True
Does 23 divide 874?
True
Is 3 a factor of 60?
True
Does 39 divide 315?
False
Is 4400 a multiple of 80?
True
Does 12 divide 2868?
True
Is 4 a factor of 38?
False
Is 44 a factor of 8096?
True
Does 12 divide 2496?
True
Is 458 a multiple of 8?
False
Does 12 divide 1051?
False
Is 754 a multiple of 6?
False
Is 57 a factor of 12483?
True
Is 54607 a multiple of 37?
False
Is 19096 a multiple of 154?
True
Is 1495 a multiple of 99?
False
Is 82 a factor of 5855?
False
Is 390 a multiple of 10?
True
Is 3149 a multiple of 5?
False
Is 49 a factor of 40890?
False
Does 11 divide 140?
False
Does 13 divide 16647?
False
Is 28 a factor of 18373?
False
Is 253 a multiple of 5?
False
Is 7 a factor of 429?
False
Is 972 a multiple of 36?
True
Does 12 divide 11311?
False
Is 18 a factor of 17243?
False
Does 127 divide 12954?
True
Is 36 a factor of 1980?
True
Does 58 divide 4228?
False
Does 79 divide 4740?
True
Is 54 a factor of 24570?
True
Is 9367 a multiple of 17?
True
Is 16785 a multiple of 15?
True
Does 3 divide 107?
False
Does 46 divide 27508?
True
Is 50220 a multiple of 30?
True
Is 23 a factor of 468?
False
Is 5 a factor of 14?
False
Is 9070 a multiple of 50?
False
Is 36 a multiple of 15?
False
Does 12 divide 211?
False
Is 95982 a multiple of 25?
False
Does 13 divide 234?
True
Is 493 a multiple of 29?
True
Is 4284 a multiple of 34?
True
Is 1854 a multiple of 3?
True
Is 2624 a multiple of 164?
True
Is 3 a factor of 251?
False
Is 88 a factor of 2200?
True
Does 16 divide 160?
True
Is 498 a multiple of 109?
False
Is 756 a multiple of 12?
True
Does 6 divide 197?
False
Is 19976 a multiple of 11?
True
Is 86 a factor of 6192?
True
Is 93 a factor of 2139?
True
Is 2742 a multiple of 3?
True
Is 11 a factor of 930?
False
Does 9 divide 162?
True
Is 18 a factor of 15606?
True
Is 11 a factor of 14894?
True
Does 23 divide 322?
True
Is 7 a factor of 199?
False
Is 46 a factor of 368?
True
Does 17 divide 6749?
True
Is 121 a factor of 2442?
False
Does 7 divide 924?
True
Does 4 divide 166?
False
Does 19 divide 1691?
True
Does 27 divide 54?
True
Does 10 divide 31100?
True
Does 34 divide 1022?
False
Is 407 a multiple of 24?
False
Does 43 divide 106597?
True
Is 11 a factor of 13200?
True
Is 39 a factor of 1833?
True
Does 24 divide 5184?
True
Is 378 a multiple of 21?
True
Is 16 a factor of 1960?
False
Is 21 a factor of 147?
True
Does 28 divide 6190?
False
Does 124 divide 2346?
False
Is 1725 a multiple of 49?
False
Is 145 a multiple of 22?
False
Is 12532 a multiple of 13?
True
Is 20 a factor of 1880?
True
Is 109 a factor of 3584?
False
Is 36666 a multiple of 63?
True
Is 9736 a multiple of 31?
False
Does 17 divide 1019?
False
Is 66531 a multiple of 201?
True
Does 27 divide 2133?
True
Is 5445 a multiple of 33?
True
Is 133 a factor of 9842?
True
Is 7050 a multiple of 235?
True
Is 7 a factor of 10298?
False
Is 41987 a multiple of 28?
False
Is 141 a multiple of 7?
False
Is 21851 a multiple of 61?
False
Does 81 divide 10611?
True
Does 12 divide 5604?
True
Is 430 a multiple of 10?
True
Is 6487 a multiple of 13?
True
Is 576 a multiple of 36?
True
Does 20 divide 7720?
True
Is 26 a factor of 94833?
False
Is 836 a multiple of 44?
True
Does 13 divide 5135?
True
Is 100594 a multiple of 26?
True
Is 19 a factor of 4850?
False
Does 11 divide 12783?
False
Does 8 divide 6233?
False
Does 71 divide 3692?
True
Is 117 a factor of 2808?
True
Is 30 a factor of 406?
False
Does 9 divide 1125?
True
Is 20 a factor of 7781?
False
Is 10 a factor of 22350?
True
Is 3092 a multiple of 5?
False
Is 125 a factor of 750?
True
Is 5102 a multiple of 57?
False
Is 28 a factor of 72324?
True
Is 1386 a multiple of 21?
True
Is 77 a factor of 1001?
True
Is 28690 a multiple of 95?
True
Is 102 a multiple of 6?
True
Does 10 divide 397?
False
Does 30 divide 101790?
True
Is 84 a factor of 3024?
True
Is 213 a multiple of 71?
True
Is 93 a factor of 1471?
False
Does 2 divide 1572?
True
Does 2 divide 2852?
True
Is 43 a factor of 6192?
True
Does 23 divide 3105?
True
Does 8 divide 185?
False
Does 33 divide 728?
False
Is 7 a factor of 379?
False
Does 7 divide 686?
True
Is 2450 a multiple of 15?
False
Is 6 a factor of 3936?
True
Is 17 a factor of 1619?
False
Is 86 a factor of 14018?
True
Is 48469 a multiple of 19?
True
Does 20 divide 320?
True
Is 69 a factor of 25599?
True
Is 18825 a multiple of 117?
False
Is 29 a factor of 1189?
True
Is 78 a factor of 5928?
True
Is 6 a factor of 366?
True
Is 8531 a multiple of 8?
False
Is 215 a multiple of 7?
False
Is 27690 a multiple of 71?
True
Is 22 a factor of 154?
True
Is 1220 a multiple of 4?
True
Does 52 divide 1560?
True
Is 8071 a multiple of 7?
True
Is 11457 a multiple of 83?
False
Is 8 a factor of 2171?
False
Is 144 a factor of 19008?
True
Does 17 divide 1809?
False
Is 16 a factor of 832?
True
Does 158 divide 6185?
False
Is 51 a factor of 1479?
True
Does 12 divide 686?
False
Is 29 a factor of 2842?
True
Is 63 a factor of 8694?
True
Does 56 divide 1567?
False
Is 1952 a multiple of 61?
True
Does 172 divide 11524?
True
Is 9 a factor of 108?
True
Does 8 divide 81?
False
Does 17 divide 87601?
True
Is 9 a factor of 315?
True
Is 1239 a multiple of 34?
False
Does 28 divide 65800?
True
Is 5402 a multiple of 146?
True
Does 38 divide 1043?
False
Is 92 a factor of 920?
True
Is 24 a factor of 2637?
False
Is 26850 a multiple of 75?
True
Does 3 divide 162?
True
Is 6725 a multiple of 8?
False
Is 2 a factor of 1555?
False
Is 23 a factor of 1565?
False
Is 3164 a multiple of 10?
False
Is 38 a factor of 1558?
True
Is 24 a factor of 5196?
False
Does 3 divide 234?
True
Is 1044 a multiple of 9?
True
Is 7695 a multiple of 95?
True
Is 7 a factor of 7952?
True
Is 4534 a multiple of 26?
False
Is 595 a multiple of 85?
True
Is 5 a factor of 6520?
True
Is 71 a multiple of 4?
False
Does 3 divide 366?
True
Does 49 divide 3687?
False
Does 144 divide 8208?
True
Is 97 a factor of 65453?
False
Does 6 divide 33?
False
Is 9165 a multiple of 15?
True
Does 4 divide 1697?
False
Is 56 a factor of 1232?
True
Is 751 a multiple of 10?
False
Is 24300 a multiple of 30?
True
Is 77 a factor of 13398?
True
Is 42 a factor of 1176?
True
Is 7 a factor of 301?
True
Is 5173 a multiple of 9?
False
Does 10 divide 3830?
True
Does 38 divide 5993?
False
Is 4312 a multiple of 116?
False
Is 21 a factor of 9529?
False
Is 44 a factor of 10618?
False
Is 57 a factor of 25479?
True
Is 952 a multiple of 8?
True
Does 10 divide 7180?
True
Is 14 a factor of 2338?
True
Is 50 a factor of 2178?
False
Does 12 divide 2340?
True
Does 33 divide 3465?
True
Is 5 a factor of 148?
False
Is 13 a factor of 883?
False
Is 16 a factor of 4441?
False
Is 47 a factor of 1081?
True
Is 1250 a 